ed by 132?
91
What is the remainder when 4948755 is divided by 1930?
235
What is the remainder when 6601938 is divided by 3300917?
104
What is the remainder when 1810010 is divided by 53206?
1006
What is the remainder when 1464588 is divided by 12735?
63
What is the remainder when 1913046 is divided by 313?
303
What is the remainder when 21997263 is divided by 29847?
24
Calculate the remainder when 2919908 is divided by 486644.
44
What is the remainder when 242317 is divided by 14640?
8077
What is the remainder when 91062 is divided by 12973?
251
Calculate the remainder when 4772136 is divided by 811.
212
Calculate the remainder when 2222372 is divided by 138898.
4
What is the remainder when 5300929 is divided by 6229?
50
Calculate the remainder when 2308614 is divided by 8283.
5940
What is the remainder when 601727 is divided by 2713?
2154
Calculate the remainder when 1959518 is divided by 163292.
14
What is the remainder when 96292 is divided by 13415?
2387
Calculate the remainder when 4114836 is divided by 141890.
26
Calculate the remainder when 104468 is divided by 9176.
3532
What is the remainder when 14149908 is divided by 69?
9
What is the remainder when 304517 is divided by 304517?
0
What is the remainder when 608208 is divided by 67446?
1194
What is the remainder when 417108531 is divided by 1555?
1551
Calculate the remainder when 11367 is divided by 2414.
1711
What is the remainder when 10650631 is divided by 70?
61
What is the remainder when 1160101 is divided by 55242?
19
Calculate the remainder when 417042719 is divided by 6540.
6539
What is the remainder when 10094533 is divided by 34?
1
Calculate the remainder when 54821 is divided by 2032.
1989
Calculate the remainder when 132321 is divided by 297.
156
Calculate the remainder when 18176 is divided by 1952.
608
What is the remainder when 2889759 is divided by 109?
60
Calculate the remainder when 83302 is divided by 4369.
291
What is the remainder when 208199 is divided by 769?
569
What is the remainder when 752956 is divided by 591?
22
What is the remainder when 1461148 is divided by 97409?
13
What is the remainder when 200281 is divided by 1058?
319
What is the remainder when 359235 is divided by 179606?
23
What is the remainder when 1440014 is divided by 69?
53
Calculate the remainder when 27094398 is divided by 9.
6
What is the remainder when 136341 is divided by 3857?
1346
What is the remainder when 2337149 is divided by 54352?
13
Calculate the remainder when 67231 is divided by 1268.
27
Calculate the remainder when 27119 is divided by 3456.
2927
What is the remainder when 774982 is divided by 38732?
342
What is the remainder when 5821916 is divided by 16?
12
What is the remainder when 877337 is divided by 67486?
19
Calculate the remainder when 656065 is divided by 2216.
129
Calculate the remainder when 3062569 is divided by 1531250.
69
What is the remainder when 4060007 is divided by 11?
6
What is the remainder when 216806 is divided by 1372?
30
Calculate the remainder when 15934 is divided by 7964.
6
What is the remainder when 5965396 is divided by 18?
16
What is the remainder when 3323898 is divided by 180?
18
Calculate the remainder when 140292139 is divided by 326.
321
Calculate the remainder when 2040524 is divided by 23454.
26
Calculate the remainder when 369862168 is divided by 23.
19
Calculate the remainder when 210902 is divided by 714.
272
What is the remainder when 2870643 is divided by 219?
210
What is the remainder when 124151 is divided by 124133?
18
Calculate the remainder when 280599 is divided by 93476.
171
What is the remainder when 14497729 is divided by 5055?
5044
Calculate the remainder when 3427455 is divided by 162.
21
Calculate the remainder when 660339 is divided by 219338.
2325
Calculate the remainder when 43933237 is divided by 21966608.
21
What is the remainder when 78324685 is divided by 511926?
7
Calculate the remainder when 485662 is divided by 555.
37
Calculate the remainder when 200774 is divided by 73.
24
Calculate the remainder when 511182 is divided by 593.
16
What is the remainder when 439965 is divided by 7640?
4485
What is the remainder when 102714 is divided by 10?
4
Calculate the remainder when 2731391 is divided by 96.
95
What is the remainder when 6017752 is divided by 3024?
3016
What is the remainder when 48762632 is divided by 156?
152
What is the remainder when 2413061 is divided by 8526?
203
Calculate the remainder when 1171877 is divided by 51.
50
Calculate the remainder when 45697 is divided by 3090.
2437
What is the remainder when 382457 is divided by 13?
10
Calculate the remainder when 5958699 is divided by 359.
17
What is the remainder when 5965974 is divided by 542325?
399
What is the remainder when 1685823 is divided by 561838?
309
Calculate the remainder when 168073 is divided by 1944.
889
Calculate the remainder when 1283932 is divided by 269.
264
Calculate the remainder when 162265453 is divided by 2792.
2789
What is the remainder when 8045297 is divided by 23185?
102
Calculate the remainder when 10257477 is divided by 296.
189
Calculate the remainder when 15183 is divided by 4663.
1194
Calculate the remainder when 199505 is divided by 14550.
10355
Calculate the remainder when 550518 is divided by 183462.
132
Calculate the remainder when 14526754 is divided by 1687.
1684
Calculate the remainder when 919835 is divided by 59.
25
Calculate the remainder when 387974 is divided by 5219.
1768
What is the remainder when 706416752 is divided by 176604188?
0
Calculate the remainder when 1843821 is divided by 422.
103
Calculate the remainder when 1352486 is divided by 103.
96
What is the remainder when 6662038 is divided by 236?
230
Calculate the remainder when 46993220 is divided by 1019.
1016
Calculate the remainder when 18958140 is divided by 557592.
12
What is the remainder when 33078627 is divided by 390?
387
Calculate the remainder when 364880 is divided by 14937.
6392
Calculate the remainder when 972823 is divided by 8764.
19
What is the remainder when 2448371 is divided by 2448351?
20
Calculate the remainder when 13226399 is divided by 96.
95
What is the remainder when 57830217 is divided by 1260?
1257
What is the remainder when 7291027 is divided by 1041573?
16
Calculate the remainder when 14066681 is divided by 4510.
4501
Calculate the remainder when 76829 is divided by 15354.
59
What is the remainder when 380497 is divided by 418?
117
What is the remainder when 239092 is divided by 59771?
8
What is the remainder when 3480033 is divided by 29491?
95
What is the remainder when 61723 is divided by 152?
11
What is the remainder when 2201340 is divided by 280?
260
Calculate the remainder when 357063 is divided by 272.
199
Calculate the remainder when 76933 is divided by 12772.
301
What is the remainder when 468559 is divided by 58534?
287
What is the remainder when 1104224 is divided by 16477?
265
Calculate the remainder when 212681 is divided by 207593.
5088
Calculate the remainder when 195579 is divided by 3166.
2453
What is the remainder when 6832784 is divided by 1733?
1298
Calculate the remainder when 28123511 is divided by 6.
5
Calculate the remainder when 19725417 is divided by 38.
35
What is the remainder when 552503424 is divided by 4343?
4336
What is the remainder when 912743 is divided by 51?
47
Calculate the remainder when 615458205 is divided by 16.
13
What is the remainder when 26233 is divided by 1054?
937
Calculate the remainder when 160339 is divided by 7939.
1559
Calculate the remainder when 137176974 is divided by 710.
4
What is the remainder when 755072 is divided by 16414?
28
What is the remainder when 2678961 is divided by 409?
11
What is the remainder when 218387 is divided by 853?
19
Calculate the remainder when 222451 is divided by 24704.
115
Calculate the remainder when 1477140 is divided by 1295.
840
Calculate the remainder when 8180209 is divided by 1240.
1169
Calculate the remainder when 8147514 is divided by 4140.
4134
What is the remainder when 49714259 is divided by 10?
9
Calculate the remainder when 3667778 is divided by 19.
18
What is the remainder when 126188 is divided by 689?
101
Calculate the remainder when 49292 is divided by 313.
151
What is the remainder when 10102949 is divid